x(k) = -k. Let i(b) be the second derivative of -b**3/6 + b. Let t(r) = -5*i(r) + 6*x(r). Give t(w).
-4
Let c(m) = -4*m - 6. Let u(j) = 11*j + 19. Let g(q) = 8*c(q) + 3*u(q). Let k be 4/(-10) - 6/(-15). Determine g(k).
9
Let z(l) = 3*l**2 + l. Let q(i) = i**3 + 9*i**2 + 7*i - 7. Suppose 0*a = -a + 20. Let m be 48/a*20/(-6). Let x be q(m). Determine z(x).
4
Suppose -2*x + 7 = -7. Let k = x + -9. Let s(t) = -t**2 + 2*t. Determine s(k).
-8
Let x(y) be the third derivative of y**4/24 - 3*y**3/2 - 24*y**2. What is x(7)?
-2
Let v be 7 + -3 + 2 + 2. Let d = -6 + v. Let h(p) = -2*p**2 + 2 - 5 + p**d + 4. Calculate h(1).
0
Let o(u) = u + 11. Let k(b) = -b**2 + 3*b - 5. Let c be k(0). What is o(c)?
6
Let y(u) be the first derivative of 1 - 1/12*u**4 + 3/2*u**2 + 2*u + 2/3*u**3. Let l(t) be the first derivative of y(t). What is l(5)?
-2
Let t(a) = a + 15. Let p(z) = z**3 - 8*z**2 - 11*z + 9. Let k be p(9). What is t(k)?
6
Let t = -12 - -14. Suppose -a + 21 = -5*a - m, -t*m - 14 = a. Let x(v) = v. Give x(a).
-4
Let w(r) = 0 + 6 + 32*r**2 - 38*r**2 + r**3. Let l be ((-48)/20)/((-2)/5). Give w(l).
6
Let w(o) = 3*o + 2. Suppose -s + 4*s + 2*c - 2 = 0, -3*s - 2 = c. Determine w(s).
-4
Let m(c) = c**3 + 4*c**2 + 3*c. Let q be m(-3). Suppose v = -q*v + 2. Let t(d) = -v*d + 0 - 1 + d. Give t(4).
-5
Suppose 3*d - 4 = -a + 2, -22 = 5*a + 2*d. Let w(g) = -300 + g**2 + 597 + 5*g - 296. What is w(a)?
7
Let w(m) = -m - 1. Let l be (6/(-9))/((-2)/15). Suppose 10 = 2*u - 5*u + l*n, n = -1. Let d = 5 + u. Give w(d).
-1
Suppose -3*c - 2 = 3*n + 1, n + 3*c = -7. Let o(i) = i**2 + 2*i + 3. Let a be o(-2). Let z(h) = -h - n*h + 9*h**a + 2*h. Give z(-1).
-8
Let q(o) = o - 2. Let u be q(6). Let b = u - -1. Let r(t) = -9*t + 2. Let y(n) = 4*n - 1. Let f(p) = -3*r(p) - 7*y(p). Give f(b).
-4
Let i = 1 + 0. Let s(f) = -2*f - 2. Let x be s(-2). Let u = x + i. Let r(t) = t + 3. Determine r(u).
6
Suppose 2*l + 4*g + 4 = 0, -3*l + 2 = -8*l - 2*g. Suppose 0 = -5*q - 3*y + 31, q + 3*y = 5*y + 1. Let s(o) = -3*o - q + 4*o + 4 + 2. Determine s(l).
1
Let h(m) be the third derivative of m**5/60 - m**4/8 + m**3/3 - 3*m**2. Determine h(2).
0
Let q(d) = -3*d**2 - 7*d - 5. Let s(v) = -7*v**2 - 14*v - 11. Let z(c) = -5*q(c) + 2*s(c). Let x = -48 - -102. Let k be x/(-10) - (-8)/20. What is z(k)?
-7
Suppose -5*j + j + 8 = 0. Let r(b) = 3*b**3 + b**j + 6*b**3 + b - 3*b**2 - 3*b**3. Calculate r(1).
5
Let l(i) = 1. Let c(z) = -z**2 - 6*z - 1. Let j be 1*16/(0 + -4). Let a(o) = j*l(o) - c(o). Determine a(-5).
-8
Let u(y) = -y - 10. Let p be u(-13). Let t(w) = -w + 5. Let m(s) = 6. Let b(h) = -2*m(h) + 3*t(h). What is b(p)?
-6
Suppose -p + 7 = -3*g, -1 = -2*g - 3*p + 9. Let n(w) = -w. Determine n(g).
1
Let k(i) = i**2 + 4*i + 3. Let v be k(0). Let f(n) be the second derivative of 1/6*n**v + 7/2*n**2 + n + 0 - 1/12*n**4. What is f(0)?
7
Let x(z) = z - 9. Let t(l) = 2*l - 5. Let h be t(5). What is x(h)?
-4
Let m = 2 - 8. Let i be (-2)/3*m/(-2). Let s(o) be the third derivative of -o**4/12 - o**3/6 - 33*o**2. Determine s(i).
3
Let h(z) = -4 + 4 - 2 + z + z**2. Let v = -5 + 3. Determine h(v).
0
Let x(i) be the first derivative of i**2/2 + 1. Suppose 5*h + 4*l = 35, -5*h + 0*l + l = -10. Determine x(h).
3
Let u(k) = 4*k - 2. Let w = -19 - -22. Determine u(w).
10
Let b(u) = u**2 - 8*u + 9. Let s be b(6). Let g(f) = -2*f + 3. Let d = 2 + -5. Let n(c) = -2*c + 4. Let p(o) = d*g(o) + 2*n(o). Calculate p(s).
-7
Let w(k) = -k + 1. Let l(n) = n**3 - 5*n**2 - 5*n - 4. Let b(y) = -2*y - 13. Let g be b(-9). Suppose 5*s + g = 35. Let a be l(s). Calculate w(a).
-1
Suppose -44 = 6*f - 2*f. Let l = -12 - f. Let b(z) = -3*z + 4. Let a(w) = 5*w - 9. Let k(c) = -3*a(c) - 7*b(c). Calculate k(l).
-7
Let q(f) be the third derivative of f**4/8 + 2*f**3/3 - f**2. Let t(z) = -z + 4. Suppose -h = -3 - 4. Let c be t(h). What is q(c)?
-5
Let a(v) = 4 + 54*v**3 - 55*v**3 + 2*v - 3*v**2 - 2. Give a(-3).
-4
Let g(i) = 3*i**3 + 2*i**2 - 2*i + 1. Let a(p) = -p**3 - p**2. Let v(n) = -2*a(n) - g(n). Calculate v(2).
-5
Let v(f) be the third derivative of 0*f**6 - 1/1680*f**7 + 1/20*f**5 + 0 + 0*f**4 + 0*f**3 + 0*f + f**2. Let i(t) be the third derivative of v(t). Give i(-2).
6
Let i(y) = y**3 - 4*y**2 + 2*y - 2. Let w(j) = -j**2 - 11. Let b be w(0). Let s = -25 + 10. Let h = b - s. Give i(h).
6
Let g(y) = -y**2 + 18*y - 20. Let d be g(17). Let l(v) = 3*v**2 - 14. Let a(n) = -2*n**2 + 9. Let o(b) = 8*a(b) + 5*l(b). Give o(d).
-7
Suppose 2*w + 4*k = 14, 2*k + 4 + 4 = 4*w. Let o(s) be the second derivative of -s**5/20 + s**4/12 + 2*s**3/3 - s**2/2 + 2*s. Calculate o(w).
-7
Let c(z) = -2*z + 25. Let d(a) = -a + 13. Let b(k) = 6*c(k) - 11*d(k). Determine b(0).
7
Let l(t) = -2*t**2 - 5*t + 5. Let p(r) = 2*r**2 + 5 - 3 + 2*r - 4*r - 3*r**2. Let k(y) = 3*l(y) - 5*p(y). Suppose 0 = f - 5*f - 20. Determine k(f).
5
Let s(k) = -k**2 - k + 9. Suppose 3*u - 5*u = 0. Let d be s(u). Let b = d + -6. Let z(t) = 2*t - 4. What is z(b)?
2
Let k(c) = -3*c + 1. Let s be -4*1*(-1)/4. Calculate k(s).
-2
Let y(k) = 8*k**2 + 4 - 13 + 0*k - 8*k - 3*k**2 + k**3. Calculate y(-6).
3
Let t be (-69)/12 + 1/(-4). Let z(f) be the second derivative of 5*f**3/2 + 23*f**2/2 + 6*f. Let w(x) = -7*x - 11. Let m(b) = t*z(b) - 13*w(b). Determine m(0).
5
Let y(n) = 9*n - 4. Let f(h) = 2*h - 1. Let k(w) = -5*f(w) + y(w). Calculate k(8).
-7
Let f(v) = 2*v**3 - 5*v**2 + 2*v - 9. Let j(t) = -2*t**3 + 6*t**2 - 3*t + 10. Suppose -3*l - 10 = -28. Let k(m) = l*j(m) + 7*f(m). Give k(-2).
-7
Let n(m) = m**2 + 5*m - 7. Suppose -5*j = -6*j. Suppose -5*p - 4*a - 34 = j, -4*p + 3 - 23 = -4*a. Give n(p).
-1
Let a(s) = s. Let p(n) = 6*n + 4. Let g(b) = -5*a(b) + p(b). Determine g(-6).
-2
Let c(y) be the third derivative of 1/20*y**5 + 0*y**3 + 1/8*y**4 + 3*y**2 + 0*y + 0. Calculate c(-2).
6
Let l = 7 - 9. Let i(z) = z + 3. Let u be i(l). Let c(o) = 8*o**3. Calculate c(u).
8
Let q(a) = -a**3 + a + 7. Let u(k) = k**3 - 8*k**2 - k + 8. Let o be u(8). Give q(o).
7
Let c(o) = -o**2 - 6*o + 4. Suppose -3*x = 18 + 3. Let s(l) = l. Let i be s(x). Give c(i).
-3
Let t be -1 - 3/((-6)/22). Let g = -4 + t. Let p(y) = y**3 - 5*y**2 - 4*y - 8. Let n be p(g). Let h(x) = -x**2 + 4*x - 3. Calculate h(n).
-3
Let a be (-1)/2*-6 + 2. Let c(b) be the second derivative of b + 0 + 1/6*b**3 - a*b**2. Calculate c(5).
-5
Let a(w) be the first derivative of w**4/8 + w**3/2 + 3*w**2/2 - 2. Let k(s) be the second derivative of a(s). Give k(-3).
-6
Let l(x) be the second derivative of -11*x**8/6720 + x**6/360 + x**5/120 - 3*x**4/4 + 4*x. Let j(f) be the third derivative of l(f). Determine j(-1).
10
Let x(c) = 5*c - 2. Let g(w) = 9*w - 4. Let a(y) = 3*g(y) - 5*x(y). Determine a(3).
4
Let q(i) be the third derivative of -i**8/6720 - i**7/630 + i**6/180 - i**5/60 - i**4/8 + 2*i**2. Let y(f) be the second derivative of q(f). Calculate y(-5).
3
Let k(q) = q - 5. Let r(d) = d**2 - d + 4. Let f(h) = -4*k(h) - 5*r(h). Let i = 4 + -1. Suppose -i*w + w = -2. Calculate f(w).
-4
Let g(d) = d**2 - 4*d - 9 + 14 - 3. What is g(3)?
-1
Let g(k) = -8*k**2 - 1. Let f be 1 + -5 - (-6 + 1). What is g(f)?
-9
Let t(o) = -o**3 - 7*o**2 - 6*o + 1. Let x(s) = 3*s**3 + 1. Let m be x(1). Let g be (-55)/10 + (-2)/m. What is t(g)?
1
Let g(z) = -3*z**2 + 7 - z**3 + 5 - 5*z**2 + 2*z. Give g(-8).
-4
Let q(c) be the first derivative of c**2/2 - c - 1. Let i be q(-5). Let n(d) = d**3 + 5*d**2 - 7*d - 7. Give n(i).
-1
Let w(r) = -7*r - 3*r**3 + 2 + 193*r**2 - 201*r**2 + 2*r**3. Give w(-7).
2
Suppose 2*c + 15 = -c. Let t = -3 - -8. Let z(w) = 4 - w**3 + t*w - 2*w**2 - 2*w**2 + 2. Give z(c).
6
Let t be (-1 + -1)*(-10)/4. Let z(w) be the third derivative of 2*w**2 - 7/6*w**3 + 1/120*w**6 - 1/12*w**t + 1/12*w**4 + 0*w + 0. What is z(5)?
3
Let t(y) = -7*y**3 - 4*y**2 - 3*y + 5. Let x(h) = -8*h**3 - 4*h**2 - 3*h + 6. Let z(l) = 7*t(l) - 6*x(l). What is z(-3)?
-1
Let b(t) = -3*t - 20. Let p be b(-6). Let m(h) be the first derivative of -3*h**2/2 - 2*h - 1. What is m(p)?
4
Let p(r) = -r - 6. Let s = -131 - -123. What is p(s)?
2
Let z(r) = 2 + 1 - 2 + 3 - r. Calculate z(4).
0
Let z(a) = -a**3 + a**2 - a + 1. Let r(n) = -2*n**3 - n**2 - 10*n + 8. Let x(k) = r(k) - 3*z(k). Determine x(5).
-5
Let k(t) = 8*t - 3. Let r be k(-3). Let x = r + 16. Let g(u) = 2*u**2 - 2*u - 7